
21433
In base 8, what is 131 + -3?
126
In base 6, what is -115142 + 3?
-115135
In base 10, what is -9 - 6?
-15
In base 9, what is -2562 - -2?
-2560
In base 10, what is 5 + -16?
-11
In base 2, what is 1100111001 + -11?
1100110110
In base 2, what is 1 + -100100000111?
-100100000110
In base 11, what is -608 + 5?
-603
In base 16, what is -104 - -8?
-fc
In base 7, what is 0 - 0?
0
In base 10, what is 1 - 747?
-746
In base 8, what is 15 + 5?
22
In base 11, what is 338 + -5?
333
In base 13, what is -4 + -2a4?
-2a8
In base 15, what is a8 - -6?
ae
In base 13, what is -3 + 54?
51
In base 4, what is 1212 - -10?
1222
In base 16, what is -d - -2?
-b
In base 14, what is 0 + 77?
77
In base 3, what is -21 - 0?
-21
In base 15, what is 6 - -502?
508
In base 13, what is 2 - -48?
4a
In base 15, what is -37 - -92?
5a
In base 11, what is 3 - -2a?
32
In base 3, what is 102210 - 112?
102021
In base 7, what is -43 - -54?
11
In base 4, what is 23303 - 13?
23230
In base 15, what is 275 + 3?
278
In base 11, what is -14 + 262?
249
In base 5, what is 2 - -4144?
4201
In base 5, what is -3 - -32304?
32301
In base 3, what is 102 + -22122?
-22020
In base 2, what is -100 + 111111110?
111111010
In base 2, what is 1000010 - 10?
1000000
In base 3, what is 12020202 + -1?
12020201
In base 9, what is 6 + -282?
-275
In base 3, what is 200 + -22122?
-21222
In base 10, what is 7 + 386?
393
In base 2, what is 10 + -101001?
-100111
In base 9, what is -38 - -20?
-18
In base 12, what is -522 + -2?
-524
In base 13, what is -92 + -c?
-a1
In base 15, what is -7 - -41?
39
In base 8, what is -2627 - -5?
-2622
In base 5, what is -132101 + 4?
-132042
In base 2, what is 100000001 + -100?
11111101
In base 5, what is 42 - -4?
101
In base 15, what is -27c - -2?
-27a
In base 11, what is -1791 + 0?
-1791
In base 13, what is -353 + -5?
-358
In base 11, what is -21a + -2?
-221
In base 7, what is -11 - 43?
-54
In base 6, what is -3 - -24?
21
In base 14, what is -2a4 - -4?
-2a0
In base 5, what is -4 - -4414?
4410
In base 14, what is 3 + -b3?
-b0
In base 5, what is -1 - 44?
-100
In base 4, what is 123 + 3?
132
In base 16, what is -5 - 5a?
-5f
In base 10, what is -21 + 4?
-17
In base 14, what is -47d + -5?
-484
In base 14, what is 654 - 2?
652
In base 5, what is 3 - 32212?
-32204
In base 14, what is b8 - 14?
a4
In base 6, what is 14122 + -2?
14120
In base 4, what is 2 - 12233?
-12231
In base 4, what is 1203321 + 10?
1203331
In base 13, what is -b7 - 1?
-b8
In base 5, what is 3 + -2113?
-2110
In base 12, what is -3 - -269?
266
In base 13, what is -137 - 3?
-13a
In base 12, what is -1b8 - 3?
-1bb
In base 5, what is -304 - -133?
-121
In base 12, what is -4 + -381?
-385
In base 16, what is -57e - -4?
-57a
In base 4, what is -1200230 - -1?
-1200223
In base 11, what is 4 - 34?
-30
In base 13, what is -3 - 15a9?
-15ac
In base 4, what is 33130 + -23?
33101
In base 5, what is -1012 + 21?
-441
In base 5, what is -3 + -3304?
-3312
In base 11, what is 69a5 - -3?
69a8
In base 4, what is -22 - 11202?
-11230
In base 11, what is -3 + 101?
a9
In base 4, what is -2123 - 11?
-2200
In base 10, what is 32 + 6?
38
In base 6, what is -4055 + 5?
-4050
In base 12, what is 18 + -320?
-304
In base 8, what is 4 - 147?
-143
In base 4, what is 12 - 33?
-21
In base 2, what is -100011 + -11011?
-111110
In base 9, what is 16 - 0?
16
In base 2, what is 1 + 1111111?
10000000
In base 8, what is -560 - -16?
-542
In base 2, what is -1000000011 + -11000?
-1000011011
In base 8, what is 47 - -22?
71
In base 8, what is 172 + -3?
167
In base 5, what is 122 + 34?
211
In base 2, what is 10100 + 100?
11000
In base 7, what is -101 + -41?
-142
In base 14, what is 2 + 33?
35
In base 6, what is -2 + 12550?
12544
In base 12, what is 2 - -37?
39
In base 13, what is c9 - 3?
c6
In base 2, what is 101 + -1011100010111?
-1011100010010
In base 11, what is -1 - 91?
-92
In base 2, what is 1000100011001001 + 101?
1000100011001110
In base 8, what is 5 - 30?
-23
In base 16, what is -8 - 1d?
-25
In base 10, what is 7 + 1356?
1363
In base 14, what is 2 + 12c6?
12c8
In base 14, what is 70 - 48?
26
In base 15, what is 1bc + 8?
1c5
In base 5, what is -10 + -10?
-20
In base 8, what is -72 + -6?
-100
In base 16, what is -1 + 16e?
16d
In base 15, what is d - -4?
12
In base 12, what is -4 - -1129?
1125
In base 6, what is 0 - 3025?
-3025
In base 16, what is -1130 - -2?
-112e
In base 12, what is a01 + 4?
a05
In base 4, what is -10 - -10331?
10321
In base 12, what is -3 + 89?
86
In base 12, what is -23 + 3?
-20
In base 11, what is 4 + 257?
260
In base 9, what is -88 - -56?
-32
In base 3, what is 1200 + 12100?
21000
In base 13, what is 210 + -3?
20a
In base 13, what is -92 + 4?
-8b
In base 12, what is -13b - 27?
-166
In base 9, what is 13 + 1?
14
In base 4, what is -32 - 33?
-131
In base 3, what is 12 - -20010101?
20010120
In base 5, what is 113 - -122?
240
In base 8, what is 24 - 245?
-221
In base 16, what is 21 + -21?
0
In base 8, what is -50 - -23?
-25
In base 14, what is 24d + -d?
240
In base 16, what is -1e40 - -3?
-1e3d
In base 12, what is 5 + a55?
a5a
In base 15, what is -cc - 2?
-ce
In base 3, what is -12221211 - -2?
-12221202
In base 8, what is 2466 + -2?
2464
In base 5, what is 4324 + -2?
4322
In base 7, what is 4 + 0?
4
In base 7, what is 263 - -13?
306
In base 15, what is -16 - 5?
-1b
In base 5, what is 10 - -243?
303
In base 6, what is -55 - 452?
-551
In base 6, what is 212 + 34?
250
In base 4, what is -303113 + 0?
-303113
In base 7, what is -362 - -4?
-355
In base 3, what is 20002 + 1202?
21211
In base 15, what is -65 + 6?
-5e
In base 9, what is 0 + 31?
31
In base 11, what is -300 - -5?
-2a6
In base 16, what is -1 - -a3?
a2
In base 5, what is 1 + 40302?
40303
In base 14, what is 288 - -3?
28b
In base 12, what is 89 - 1?
88
In base 4, what is 3001020 - -11?
3001031
In base 6, what is -1 + 3334?
3333
In base 9, what is 2 - 16?
-14
In base 7, what is 4405 - 2?
4403
In base 7, what is 1 + -302?
-301
In base 3, what is -1001 + 21111?
20110
In base 6, what is 25 + -40?
-11
In base 6, what is 103 + 5?
112
In base 6, what is -3 + 1231?
1224
In base 3, what is 111 - -2221?
10102
In base 7, what is 20600 - 4?
20563
In base 6, what is 0 + -30?
-30
In base 11, what is a4 - 5?
9a
In base 9, what is 8 - -2?
11
In base 11, what is -395 + 7?
-389
In base 7, what is 154 - 6?
145
In base 9, what is 3 - -843?
846
In base 10, what is -6 + 25?
19
In base 9, what is -42 - 2?
-44
In base 7, what is -3 - 132?
-135
In base 2, what is -110 - -101001?
100011
In base 5, what is 2 + 1?
3
In base 7, what is 5003 - 0?
5003
In base 5, what is -241111 - -3?
-241103
In base 15, what is -35a - -3?
-357
In base 12, what is -4 + -245?
-249
In base 12, what is -261 - 1?
-262
In base 2, what is 110 + 1011?
10001
In base 13, what is -6 + -1?
-7
In base 12, what is -9 + 19?
10
In base 11, what is 0 - 57?
-57
In base 3, what is -20 + 1010011?
1002221
In base 10, what is 0 - 71?
-71
In base 3, what is -20 - 100?
-120
In base 6, what is -2 + 1110?
1104
In base 5, what is -10 - -1312?
1302
In base 7, what is 5 + -55?
-50
In base 12, what is 15 + 70?
85
In base 4, what is 3 + -1130?
-1121
In base 10, what is -173 + 19?
-154
In base 8, what is 4601 - 2?
4577
In base 13, what is 14 + 8?
1c
In base 12, what is 0 + 891?
891
In base 15, what is 2 - 67?
-65
In base 15, what is -21 - -20?
-1
In base 5, what is 4 - -22213?
22222
In base 16, what is 2 + -11d?
-11b
In base 7, what is 2 + -4?
-2
In base 16, what is 7 - -1?
8
In base 5, what is -10 - -111?
101
In base 11, what is -7543 - -5?
-7539
In base 8, what is -1 - 2432?
-2433
In base 2, what is 1001 + 1101000001?
1101001010
In base 13, what is -3 - 59?
-5c
In base 2, what is 10 + 1101001?
1101011
In base 4, what is -11 + 3112?
3101
In base 5, what is 220 - -2?
222
In base 14, what is 3 + -69?
-66
In base 3, what is 2 + 11211?
11220
In base 5, what is 113 + 103?
221
In base 8, what is -66 - 3?
-71
In base 6, what is -1 + -2343?
-2344
In base 5, what is 110 - 312?
-202
In base 13, what is 3 - 1a?
-17
In base 15, what is -547 + 4?
-543
In base 13, what is -82a - 3?
-830
In base 11, what is 372 + 4?
376
In base 12, what is -2553 - 1?
-2554
In base 9, what is -1 + -40?
-41
In base 3, what is 20 - 21121?
-21101
In base 12, what is -3 + a0?
99
In base 9, what is -3 + -2